{"id":97,"date":"2011-01-12T18:59:04","date_gmt":"2011-01-12T17:59:04","guid":{"rendered":"http:\/\/www.wsvlangen.de\/wordpress\/?page_id=97"},"modified":"2025-11-14T19:59:44","modified_gmt":"2025-11-14T17:59:44","slug":"mitgliederbereich","status":"publish","type":"page","link":"https:\/\/www.wsvlangen.de\/?page_id=97","title":{"rendered":"Intern"},"content":{"rendered":"<p><a href=\"https:\/\/www.wsvlangen.de\/?page_id=117\">Aktuelle Mitteilungen f\u00fcr Mitglieder<\/a><\/p>\n<p><a href=\"https:\/\/www.wsvlangen.de\/?page_id=113\">Downloads f\u00fcr Mitglieder<\/a><\/p>\n<p><a href=\"https:\/\/www.wsvlangen.de\/?page_id=6870\" data-wplink-edit=\"true\">Veranstaltungskalender f\u00fcr Aktive<\/a><\/p>\n\n\n<p><\/p>\n","protected":false},"excerpt":{"rendered":"<p>Aktuelle Mitteilungen f\u00fcr Mitglieder Downloads f\u00fcr Mitglieder Veranstaltungskalender f\u00fcr Aktive<\/p>\n","protected":false},"author":1,"featured_media":0,"parent":0,"menu_order":5,"comment_status":"closed","ping_status":"closed","template":"","meta":{"ngg_post_thumbnail":0,"footnotes":""},"class_list":["post-97","page","type-page","status-publish","hentry"],"_links":{"self":[{"href":"https:\/\/www.wsvlangen.de\/index.php?rest_route=\/wp\/v2\/pages\/97","targetHints":{"allow":["GET"]}}],"collection":[{"href":"https:\/\/www.wsvlangen.de\/index.php?rest_route=\/wp\/v2\/pages"}],"about":[{"href":"https:\/\/www.wsvlangen.de\/index.php?rest_route=\/wp\/v2\/types\/page"}],"author":[{"embeddable":true,"href":"https:\/\/www.wsvlangen.de\/index.php?rest_route=\/wp\/v2\/users\/1"}],"replies":[{"embeddable":true,"href":"https:\/\/www.wsvlangen.de\/index.php?rest_route=%2Fwp%2Fv2%2Fcomments&post=97"}],"version-history":[{"count":14,"href":"https:\/\/www.wsvlangen.de\/index.php?rest_route=\/wp\/v2\/pages\/97\/revisions"}],"predecessor-version":[{"id":6875,"href":"https:\/\/www.wsvlangen.de\/index.php?rest_route=\/wp\/v2\/pages\/97\/revisions\/6875"}],"wp:attachment":[{"href":"https:\/\/www.wsvlangen.de\/index.php?rest_route=%2Fwp%2Fv2%2Fmedia&parent=97"}],"curies":[{"name":"wp","href":"https:\/\/api.w.org\/{rel}","templated":true}]}}